of 414?
False
Is 9 a factor of 39342789?
True
Does 417 divide 19318613?
False
Does 185 divide 83758829?
False
Is 12 a factor of 8673172?
False
Is 10 a factor of 129149768?
False
Does 634 divide 1018039995?
False
Is 279563657 a multiple of 26?
False
Does 127 divide 43061297?
False
Is 40918448 a multiple of 512?
False
Is 329062572 a multiple of 1120?
False
Is 168 a factor of 13835808?
True
Is 16 a factor of 508312?
False
Is 146 a factor of 32439212?
False
Does 83 divide 187829061?
False
Is 916 a factor of 1508483456?
True
Is 495 a factor of 23484460?
False
Does 1982 divide 16508078?
True
Does 426 divide 22697667?
False
Is 289 a factor of 216320835?
True
Is 1648 a factor of 4408848256?
True
Is 133020112 a multiple of 109?
True
Does 14 divide 146847896?
False
Does 801 divide 71873730?
True
Does 521 divide 170626585?
False
Is 287373113 a multiple of 360?
False
Is 424 a factor of 125018592?
False
Is 35717841 a multiple of 33?
False
Is 20 a factor of 354291558?
False
Is 64 a factor of 360458170?
False
Is 13 a factor of 421799527?
False
Does 306 divide 68495766?
False
Does 983 divide 343829341?
False
Is 148511808 a multiple of 48?
True
Does 52 divide 494390832?
True
Does 457 divide 80136220?
False
Does 11 divide 8294495?
True
Is 916 a factor of 586875637?
False
Is 1790228 a multiple of 29?
True
Is 39851795 a multiple of 1332?
False
Is 859 a factor of 72818392?
False
Is 2496746910 a multiple of 13503?
False
Is 85 a factor of 105721419?
False
Is 4704659016 a multiple of 408?
True
Does 19 divide 48075681?
True
Does 196 divide 461299524?
True
Is 12 a factor of 6551424?
True
Is 1192524897 a multiple of 2126?
False
Is 2721635959 a multiple of 49?
True
Does 559 divide 51733214?
True
Does 36 divide 173716445?
False
Does 2254 divide 2951683511?
False
Is 10 a factor of 114050319?
False
Is 94308200 a multiple of 10?
True
Does 3962 divide 1244682110?
True
Is 19 a factor of 3026911668?
False
Does 142 divide 4607622958?
True
Does 3418 divide 10257418?
True
Is 32 a factor of 240982485?
False
Does 55 divide 11904581?
False
Is 46830850 a multiple of 50?
True
Is 33 a factor of 86760564?
True
Is 500 a factor of 25007000?
True
Does 513 divide 67037814?
True
Does 494 divide 546861952?
True
Does 26 divide 296842?
True
Does 358 divide 146711980?
True
Does 98 divide 349290?
False
Is 2060 a factor of 76755582?
False
Does 4119 divide 194033733?
True
Is 44 a factor of 14633391?
False
Is 351 a factor of 80397801?
False
Does 29 divide 24806716?
True
Is 71 a factor of 154695936?
True
Is 337 a factor of 138196286?
True
Does 78 divide 62878608?
True
Is 16586953 a multiple of 1577?
False
Does 507 divide 6121518?
True
Does 44 divide 62799704?
True
Is 11773005 a multiple of 69?
False
Is 89 a factor of 387429712?
False
Is 17 a factor of 800744609?
False
Does 73 divide 49835567?
True
Is 106 a factor of 43995125?
False
Does 45 divide 101748780?
True
Is 90282970 a multiple of 3100?
False
Is 8 a factor of 838613488?
True
Is 166649724 a multiple of 249?
True
Is 438 a factor of 48220952?
False
Is 1135 a factor of 13567790?
True
Is 69 a factor of 111829423?
False
Is 13 a factor of 35414899?
True
Is 3280 a factor of 1495146403?
False
Is 173 a factor of 403615373?
False
Does 182 divide 50830598?
True
Is 57 a factor of 2306676?
True
Does 43 divide 325830694?
True
Does 144 divide 20496528?
True
Is 46179218 a multiple of 84?
False
Is 523525935 a multiple of 31?
False
Does 11 divide 21715760?
True
Is 46118171 a multiple of 10?
False
Is 12 a factor of 22108800?
True
Is 103 a factor of 36658318?
True
Is 761 a factor of 206544532?
True
Is 260 a factor of 23707580?
True
Is 14 a factor of 140087046?
False
Is 11846042 a multiple of 16?
False
Is 46466847 a multiple of 124?
False
Does 357 divide 32177893?
False
Does 31 divide 6470861?
False
Is 19478227 a multiple of 2987?
True
Is 35290494 a multiple of 12?
False
Is 1903382086 a multiple of 52?
False
Is 701732313 a multiple of 80?
False
Is 869 a factor of 962530470?
True
Is 36474235 a multiple of 8?
False
Is 263434160 a multiple of 176?
True
Is 335520575 a multiple of 13?
True
Does 319 divide 289253888?
True
Is 26 a factor of 3614416?
True
Does 310 divide 74789350?
False
Is 189972580 a multiple of 43?
False
Is 469 a factor of 2842393639?
False
Does 72 divide 44566776?
True
Is 152 a factor of 1280863630?
False
Does 219 divide 21107807?
False
Is 271853881 a multiple of 12?
False
Is 8758898 a multiple of 3?
False
Does 27 divide 3810105?
True
Is 391 a factor of 40791082?
False
Does 101 divide 769203678?
True
Is 39288975 a multiple of 25?
True
Does 638 divide 5677562?
True
Is 3375 a factor of 1441162125?
True
Is 25272801 a multiple of 2?
False
Does 2624 divide 2074426816?
True
Is 425 a factor of 290677050?
True
Is 2042 a factor of 263567066?
True
Is 335 a factor of 283500235?
False
Is 502210956 a multiple of 52?
True
Is 502 a factor of 431925885?
False
Is 822 a factor of 35437086?
False
Is 116740848 a multiple of 6894?
False
Does 6918 divide 5325146228?
False
Is 40 a factor of 90414760?
True
Is 42 a factor of 60640553?
False
Is 42 a factor of 4896150?
True
Is 7774092 a multiple of 18?
True
Is 109387126 a multiple of 23?
True
Is 13279806 a multiple of 18?
True
Does 180 divide 34367580?
True
Is 212 a factor of 1210397466?
False
Does 114 divide 639750544?
False
Is 2 a factor of 71533594?
True
Is 7112158771 a multiple of 12759?
False
Is 1668 a factor of 426239052?
True
Does 108 divide 393501443?
False
Is 105 a factor of 1583110?
False
Is 12 a factor of 1422311607?
False
Does 15 divide 251030777?
False
Is 1542014036 a multiple of 17?
True
Is 105317824 a multiple of 112?
False
Does 926 divide 2956851344?
True
Is 1659366784 a multiple of 30?
False
Does 946 divide 114912975?
False
Is 88014696 a multiple of 462?
True
Does 87 divide 6139851?
True
Does 565 divide 10452331?
False
Does 70 divide 389057200?
True
Does 135 divide 340573815?
True
Is 86616394 a multiple of 67?
True
Is 2784440112 a multiple of 48?
True
Does 12 divide 9306976?
False
Does 3630 divide 123227575?
False
Is 451527149 a multiple of 13?
False
Is 918 a factor of 19744344?
True
Is 23418801 a multiple of 395?
False
Does 13 divide 141800412?
True
Is 153 a factor of 26854101?
True
Is 12448412 a multiple of 17?
False
Is 42 a factor of 75256410?
False
Does 1788 divide 1244852088?
True
Does 337 divide 33327615?
True
Is 1544 a factor of 36350392?
True
Does 6 divide 8927606?
False
Does 41 divide 16841492?
False
Is 32388192 a multiple of 8?
True
Is 200 a factor of 23987000?
True
Is 19984016 a multiple of 104?
True
Does 15 divide 173595637?
False
Does 709 divide 151426507?
False
Is 17 a factor of 214847343?
True
Is 18915458 a multiple of 212?
False
Is 63 a factor of 114472701?
True
Is 55135452 a multiple of 29?
False
Does 1236 divide 95951916?
True
Is 32 a factor of 359561632?
True
Does 74 divide 1206457076?
True
Is 15613644 a multiple of 5?
False
Is 20982588 a multiple of 22?
True
Does 36 divide 3578021352?
True
Is 60815524 a multiple of 14?
True
Is 12 a factor of 224838324?
True
Does 7 divide 31150280?
True
Is 465193765 a multiple of 156?
False
Is 395 a factor of 454777647?
False
Does 15 divide 32166461?
False
Is 1068741672 a multiple of 2456?
False
Does 428 divide 742873605?
False
Is 54378584 a multiple of 132?
False
Is 2373 a factor of 5364978066?
True
Does 4189 divide 799001482?
True
Is 596849400 a multiple of 2020?
True
Is 93817479 a multiple of 21?
True
Is 1249 a factor of 165642380?
True
Does 645 divide 93902957?
False
Is 4571719087 a multiple of 201?
False
Is 142 a factor of 185817934?
True
Is 390 a factor of 1194445623?
False
Is 105029381 a multiple of 131?
True
Does 54 divide 93699431?
False
Is 90 a factor of 23801490?
True
Does 7 divide 61895149?
False
Is 84305680 a multiple of 104?
False
Is 3887444 a multiple of 4?
True
Is 504 a factor of 269328919?
False
Does 11 divide 56234508?
True
Is 187 a factor of 23742081?
True
Is 8 a factor of 576700947?
False
Does 9 divide 1788521733?
True
Does 8670 divide 1816026545?
False
Is 3327 a factor of 961409688?
False
Is 434109379 a multiple of 11?
True
Is 678044661 a multiple of 390?
False
Is 352766596 a multiple of 241?
False
Does 111 divide 5720010?
False
Does 54 divide 1375033266?
True
Is 22 a factor of 56393576?
False
Is 73437536 a multiple of 194?
True
Is 1379